{"id":143,"date":"2015-08-13T21:18:46","date_gmt":"2015-08-13T19:18:46","guid":{"rendered":"http:\/\/schwerhoerige-bamberg.de\/?page_id=143"},"modified":"2015-11-03T09:39:27","modified_gmt":"2015-11-03T08:39:27","slug":"goldene-ringschleife-fuer-die-stadt-bamberg-2","status":"publish","type":"page","link":"https:\/\/schwerhoerige-bamberg.de\/?page_id=143","title":{"rendered":"Goldene Ringschleife f\u00fcr die Stadt Bamberg"},"content":{"rendered":"<p style=\"text-align: justify;\">Der Landesverband Bayern der Schwerh\u00f6rigen und Ertaubten e.V. hat am 6. November 2010 der Stadt Bamberg die &#8222;Goldene Ringschleife&#8220; vergeben. Mit dieser erstmals verliehenen Auszeichnung wurde die Stadt Bamberg f\u00fcr das besondere Engagement f\u00fcr Schwerh\u00f6rige gew\u00fcrdigt. Durch die Verlegung von zahlreichen induktiven H\u00f6ranlagen in \u00f6ffentlichen Geb\u00e4uden nimmt Bamberg eine Vorreiterrolle in Bayern ein. Im Rahmen der Herbsttagung \u00fcberreichte 1. Vorsitzender Manfred Hartmann die Auszeichnung an Oberb\u00fcrgermeister Andreas Starke.<\/p>\n<p style=\"text-align: justify;\"><img decoding=\"async\" style=\"margin-left: 50px; margin-right: 50px;\" src=\"wp-includes\/images\/bilder\/eigene\/goldene_ringschleife\/Goldene Ringschleife an die Stadt Bamberg 014.jpg\" alt=\"\" border=\"0\" \/><\/p>\n<p style=\"text-align: justify;\"><img decoding=\"async\" style=\"margin-left: 50px; margin-right: 50px;\" src=\"wp-includes\/images\/bilder\/eigene\/goldene_ringschleife\/IMG_1745.jpg\" alt=\"\" border=\"0\" \/><\/p>\n<p style=\"text-align: justify;\">\n","protected":false},"excerpt":{"rendered":"<p>Der Landesverband Bayern der Schwerh\u00f6rigen und Ertaubten e.V. hat am 6. November 2010 der Stadt Bamberg die &#8222;Goldene Ringschleife&#8220; vergeben. Mit dieser erstmals verliehenen Auszeichnung wurde die Stadt Bamberg f\u00fcr das besondere Engagement f\u00fcr Schwerh\u00f6rige gew\u00fcrdigt. Durch die Verlegung von zahlreichen induktiven H\u00f6ranlagen in \u00f6ffentlichen Geb\u00e4uden nimmt Bamberg eine Vorreiterrolle in Bayern ein. Im Rahmen der Herbsttagung \u00fcberreichte 1. Vorsitzender Manfred Hartmann die Auszeichnung an Oberb\u00fcrgermeister Andreas Starke.<\/p>\n<p> <a class=\"continue-reading-link\" href=\"https:\/\/schwerhoerige-bamberg.de\/?page_id=143\"><span>weiterlesen &#8230;<\/span><i class=\"crycon-right-dir\"><\/i><\/a> <\/p>\n","protected":false},"author":2,"featured_media":0,"parent":0,"menu_order":0,"comment_status":"closed","ping_status":"closed","template":"","meta":{"footnotes":""},"class_list":["post-143","page","type-page","status-publish","hentry"],"_links":{"self":[{"href":"https:\/\/schwerhoerige-bamberg.de\/index.php?rest_route=\/wp\/v2\/pages\/143","targetHints":{"allow":["GET"]}}],"collection":[{"href":"https:\/\/schwerhoerige-bamberg.de\/index.php?rest_route=\/wp\/v2\/pages"}],"about":[{"href":"https:\/\/schwerhoerige-bamberg.de\/index.php?rest_route=\/wp\/v2\/types\/page"}],"author":[{"embeddable":true,"href":"https:\/\/schwerhoerige-bamberg.de\/index.php?rest_route=\/wp\/v2\/users\/2"}],"replies":[{"embeddable":true,"href":"https:\/\/schwerhoerige-bamberg.de\/index.php?rest_route=%2Fwp%2Fv2%2Fcomments&post=143"}],"version-history":[{"count":1,"href":"https:\/\/schwerhoerige-bamberg.de\/index.php?rest_route=\/wp\/v2\/pages\/143\/revisions"}],"predecessor-version":[{"id":144,"href":"https:\/\/schwerhoerige-bamberg.de\/index.php?rest_route=\/wp\/v2\/pages\/143\/revisions\/144"}],"wp:attachment":[{"href":"https:\/\/schwerhoerige-bamberg.de\/index.php?rest_route=%2Fwp%2Fv2%2Fmedia&parent=143"}],"curies":[{"name":"wp","href":"https:\/\/api.w.org\/{rel}","templated":true}]}}

Goldene Ringschleife für die Stadt Bamberg

<p style="text-align: justify;">Der Landesverband Bayern der Schwerhörigen und Ertaubten e.V. hat am 6. November 2010 der Stadt Bamberg die &#8222;Goldene Ringschleife&#8220; vergeben. Mit dieser erstmals verliehenen Auszeichnung wurde die Stadt Bamberg für das besondere Engagement für Schwerhörige gewürdigt. Durch die Verlegung von zahlreichen induktiven Höranlagen in öffentlichen Gebäuden nimmt Bamberg eine Vorreiterrolle in Bayern ein. Im Rahmen der Herbsttagung überreichte 1. Vorsitzender Manfred Hartmann die Auszeichnung an Oberbürgermeister Andreas Starke.</p>
<p style="text-align: justify;"><img decoding="async" style="margin-left: 50px; margin-right: 50px;" src="wp-includes/images/bilder/eigene/goldene_ringschleife/Goldene Ringschleife an die Stadt Bamberg 014.jpg" alt="" border="0" /></p>
<p style="text-align: justify;"><img decoding="async" style="margin-left: 50px; margin-right: 50px;" src="wp-includes/images/bilder/eigene/goldene_ringschleife/IMG_1745.jpg" alt="" border="0" /></p>
<p style="text-align: justify;">

<p>Der Landesverband Bayern der Schwerhörigen und Ertaubten e.V. hat am 6. November 2010 der Stadt Bamberg die &#8222;Goldene Ringschleife&#8220; vergeben. Mit dieser erstmals verliehenen Auszeichnung wurde die Stadt Bamberg für das besondere Engagement für Schwerhörige gewürdigt. Durch die Verlegung von zahlreichen induktiven Höranlagen in öffentlichen Gebäuden nimmt Bamberg eine Vorreiterrolle in Bayern ein. Im Rahmen der Herbsttagung überreichte 1. Vorsitzender Manfred Hartmann die Auszeichnung an Oberbürgermeister Andreas Starke.</p>
<p> <a class="continue-reading-link" href="https://schwerhoerige-bamberg.de/?page_id=143"><span>weiterlesen &#8230;</span><i class="crycon-right-dir"></i></a> </p>
